 digit of 1489298456?
2
What is the units digit of 14530440?
0
What is the ten thousands digit of 240877357?
7
What is the hundred thousands digit of 150528249?
5
What is the tens digit of 3664240588?
8
What is the ten thousands digit of 98658879?
5
What is the hundreds digit of 2303283871?
8
What is the millions digit of 2900406852?
0
What is the hundreds digit of 14745120?
1
What is the ten millions digit of 3648423961?
4
What is the hundred millions digit of 122585871?
1
What is the tens digit of 260430782?
8
What is the ten millions digit of 281138202?
8
What is the tens digit of 26858205?
0
What is the thousands digit of 1761105348?
5
What is the hundred millions digit of 6262619503?
2
What is the ten millions digit of 257272162?
5
What is the units digit of 27332324?
4
What is the ten millions digit of 495907629?
9
What is the ten millions digit of 322667896?
2
What is the ten millions digit of 126897838?
2
What is the millions digit of 431528756?
1
What is the thousands digit of 3800103369?
3
What is the hundred millions digit of 227913540?
2
What is the ten thousands digit of 54852512?
5
What is the ten millions digit of 867397504?
6
What is the ten millions digit of 4919903031?
1
What is the millions digit of 40934610?
0
What is the tens digit of 27562111?
1
What is the thousands digit of 4554540422?
0
What is the ten thousands digit of 130324187?
2
What is the units digit of 1359625217?
7
What is the hundred thousands digit of 75404874?
4
What is the ten thousands digit of 43802128?
0
What is the millions digit of 27478759?
7
What is the ten millions digit of 528404055?
2
What is the ten thousands digit of 67759447?
5
What is the hundred thousands digit of 926783513?
7
What is the thousands digit of 298493233?
3
What is the ten thousands digit of 4402865265?
6
What is the tens digit of 12662504?
0
What is the millions digit of 43272427?
3
What is the tens digit of 257263478?
7
What is the thousands digit of 871049251?
9
What is the hundred millions digit of 252019921?
2
What is the hundred thousands digit of 4521691430?
6
What is the ten millions digit of 295625072?
9
What is the hundred thousands digit of 380002432?
0
What is the thousands digit of 3765991574?
1
What is the thousands digit of 115874106?
4
What is the hundred thousands digit of 1334774850?
7
What is the units digit of 43334462?
2
What is the units digit of 888279657?
7
What is the millions digit of 38340357?
8
What is the tens digit of 960846819?
1
What is the hundred thousands digit of 471287384?
2
What is the ten thousands digit of 4273828092?
2
What is the hundreds digit of 84982857?
8
What is the ten thousands digit of 726283220?
8
What is the hundreds digit of 828769104?
1
What is the millions digit of 154614181?
4
What is the ten millions digit of 56167765?
5
What is the thousands digit of 3515840876?
0
What is the units digit of 8193405?
5
What is the hundred millions digit of 7950432051?
9
What is the tens digit of 102620148?
4
What is the units digit of 127556619?
9
What is the hundreds digit of 2780548?
5
What is the millions digit of 192548556?
2
What is the ten thousands digit of 33577702?
7
What is the thousands digit of 315072025?
2
What is the hundreds digit of 73255212?
2
What is the units digit of 94177258?
8
What is the thousands digit of 4330190?
0
What is the ten millions digit of 35770897?
3
What is the thousands digit of 480364861?
4
What is the units digit of 192095447?
7
What is the hundred thousands digit of 634887110?
8
What is the millions digit of 1209321857?
9
What is the hundreds digit of 2767021439?
4
What is the hundreds digit of 205438738?
7
What is the ten thousands digit of 42316927?
1
What is the billions digit of 1113619562?
1
What is the tens digit of 444586519?
1
What is the hundred thousands digit of 4490273427?
2
What is the ten millions digit of 31833109?
3
What is the hundred thousands digit of 283073678?
0
What is the millions digit of 5826741615?
6
What is the millions digit of 6307509516?
7
What is the hundred thousands digit of 1130500902?
5
What is the units digit of 845863059?
9
What is the ten thousands digit of 16430047?
3
What is the hundreds digit of 681229191?
1
What is the millions digit of 5829602402?
9
What is the ten millions digit of 72396757?
7
What is the hundreds digit of 198235403?
4
What is the ten thousands digit of 1538545814?
4
What is the thousands digit of 129561568?
1
What is the hundred millions digit of 2452461285?
4
What is the hundreds digit of 367171112?
1
What is the hundred thousands digit of 129413389?
4
What is the hundred millions digit of 3635939080?
6
What is the units digit of 52856144?
4
What is the millions digit of 97015362?
7
What is the units digit of 231181932?
2
What is the thousands digit of 527674949?
4
What is the ten thousands digit of 81492320?
9
What is the hundred thousands digit of 200767534?
7
What is the hundred thousands digit of 250600167?
6
What is the hundreds digit of 24423582?
5
What is the hundred thousands digit of 109508612?
5
What is the ten millions digit of 3151185470?
5
What is the millions digit of 33995503?
3
What is the ten thousands digit of 3152766011?
6
What is the hundred thousands digit of 789467711?
4
What is the millions digit of 216972815?
6
What is the ten thousands digit of 99751679?
5
What is the units digit of 71769488?
8
What is the tens digit of 2119388878?
7
What is the ten millions digit of 160702235?
6
What is the hundred millions digit of 279638728?
2
What is the thousands digit of 1104912682?
2
What is the ten millions digit of 21602875?
2
What is the ten millions digit of 138257021?
3
What is the millions digit of 63321888?
3
What is the ten thousands digit of 267139794?
3
What is the hundreds digit of 4251148607?
6
What is the hundred millions digit of 197411719?
1
What is the thousands digit of 180928876?
8
What is the hundreds digit of 5621127?
1
What is the hundreds digit of 157161042?
0
What is the ten millions digit of 2966206030?
6
What is the millions digit of 659430531?
9
What is the hundred thousands digit of 209672994?
6
What is the units digit of 433959045?
5
What is the ten millions digit of 1364754918?
6
What is the units digit of 90788391?
1
What is the ten thousands digit of 560517573?
1
What is the ten thousands digit of 2658477961?
7
What is the hundreds digit of 56051915?
9
What is the hundreds digit of 205495626?
6
What is the units digit of 569889481?
1
What is the units digit of 460885398?
8
What is the tens digit of 296181796?
9
What is the ten millions digit of 55000543?
5
What is the hundred thousands digit of 871535938?
5
What is the ten millions digit of 25451304?
2
What is the hundred thousands digit of 1575693996?
6
What is the hundred thousands digit of 48873368?
8
What is the units digit of 3167210816?
6
What is the thousands digit of 508781570?
1
What is the units digit of 2817269036?
6
What is the hundreds digit of 180371679?
6
What is the millions digit of 2205437226?
5
What is the ten thousands digit of 69557117?
5
What is the ten millions digit of 32743814?
3
What is the millions digit of 13335849?
3
What is the thousands digit of 232782140?
2
What is the thousands digit of 1316309708?
9
What is the millions digit of 29208276?
9
What is the hundred thousands digit of 4851671527?
6
What is the ten millions digit of 47169808?
4
What is the thousands digit of 73063677?
3
What is the hundred thousands digit of 453600404?
6
What is the tens digit of 58076507?
0
What is the hundred millions digit of 407349232?
4
What is the hundreds digit of 84257930?
9
What is the ten thousands digit of 1808067717?
6
What is the hundred thousands digit of 78699477?
6
What is the ten thousands digit of 2824391?
2
What is the units digit of 41993569?
9
What is the hundred thousands digit of 6134951?
1
What is the ten thousands digit of 119574729?
7
What is the hundred millions digit of 131818162?
1
What is the hundreds digit of 5577400?
4
What is the hundred thousands digit of 8598868?
5
What is the hundred millions digit of 579755939?
5
What is the ten millions digit of 2965910298?
6
What is the thousands digit of 29781624?
1
What is the ten thousands digit of 227577437?
7
What is the ten millions digit of 57168969?